{"id":269,"date":"2012-07-15T06:27:29","date_gmt":"2012-07-15T06:27:29","guid":{"rendered":"http:\/\/anyma.ch\/blogs\/paysages-urbains\/?page_id=269"},"modified":"2012-08-06T10:50:36","modified_gmt":"2012-08-06T10:50:36","slug":"programme-un-ete-a-la-friche","status":"publish","type":"page","link":"http:\/\/anyma.ch\/blogs\/paysages-urbains\/programme-un-ete-a-la-friche\/","title":{"rendered":"Programme &#8211; Un \u00e9t\u00e9 \u00e0 la friche"},"content":{"rendered":"<p><a href=\"http:\/\/anyma.ch\/blogs\/paysages-urbains\/wp-content\/uploads\/2012\/07\/IMG_1882.jpg\"><img loading=\"lazy\" decoding=\"async\" title=\"IMG_1882\" src=\"http:\/\/anyma.ch\/blogs\/paysages-urbains\/wp-content\/uploads\/2012\/07\/IMG_1882-1024x764.jpg\" alt=\"\" width=\"500\" height=\"373\" \/><\/a><\/p>\n<p>du 15 ao\u00fbt au 13 octobre du mercredi au dimanche de 16h \u00e0 minuit.<\/p>\n<p><a href=\"http:\/\/anyma.ch\/friche\/\">PROGRAMME DETAILLE<\/a><\/p>\n<p>La friche est ouverte durant 2 mois complet au public du 15 ao\u00fbt au 13 octobre 2012 du mercredi au dimanche de 16h \u00e0 23h30, 24h vendredi et samedi.<\/p>\n<p>La pinte \u00e0 fondue et une g\u00e9n\u00e9reuse terrasse proposent comme toujours les traditionnelles\u00a0 fondues et cette offre est compl\u00e9t\u00e9e par des tapas et des tartines.<\/p>\n<p>Occasionnellement et sur r\u00e9servation des menus th\u00e9matiques seront propos\u00e9s.<\/p>\n<p>Au programme<\/p>\n<p>les MERCREDIS : PHOTO<\/p>\n<p>Les JEUDIS : CINEMA<\/p>\n<p>Les VENDREDIS et SAMEDIS : CONCERT<\/p>\n<p>Les DIMANCHES : WORKSHOP<\/p>\n<p>Plus:<\/p>\n<p>STREETV SUR LA FRICHE DU 8 AU 21 SEPTEMBRE<\/p>\n<p><strong>1er Workshop t\u00e9l\u00e9 du 8 au 14 septembre<\/strong><\/p>\n<p><strong>Emission le vendredi 14 septembre <\/strong><\/p>\n<p><strong>2\u00e8me Wortshop t\u00e9l\u00e9 du 15 au 21 septembre<br \/>\n<\/strong><\/p>\n<p><strong>Emission le vendredi 21 septembre<\/strong><\/p>\n<p><a href=\"http:\/\/anyma.ch\/blogs\/paysages-urbains\/wp-content\/uploads\/2012\/07\/DSC09906.jpg\"><img loading=\"lazy\" decoding=\"async\" title=\"DSC09906\" src=\"http:\/\/anyma.ch\/blogs\/paysages-urbains\/wp-content\/uploads\/2012\/07\/DSC09906-1024x768.jpg\" alt=\"\" width=\"500\" height=\"375\" \/><\/a><\/p>\n<p>LE WORKSHOP DU DIMANCHE<\/p>\n<p>Les dimanches nous proposons des ateliers. Ce ne sont pas des cours mais plut\u00f4t des fen\u00eatres ouvertes sur des questionnements qui nous tiennent \u00e0 c\u0153ur, des moments de recherches et de partage d&rsquo;exp\u00e9riences.<\/p>\n<p><strong>D<\/strong><strong>imanche 19 ao\u00fbt<\/strong>: <strong>Inventaire de la faune et de la flore de la Friche<\/strong><\/p>\n<p>La friche est si riche qu&rsquo;il nous para\u00eet important de faire un relever des plantes et des animaux qui y vivent.<\/p>\n<p>Un \u00e9tang s&rsquo;y est form\u00e9 spontan\u00e9ment et ce printemps les croassements nourrit d&rsquo;un grand nombre de grenouilles\u00a0concurren\u00e7ait le bruit des trains. Un couple de canards, des m\u00e9sanges, des merles, des rouge-gorges et m\u00eame des rousserolles y ont nich\u00e9s. Nous aimerions instaurer une cohabitation heureuse entre les activit\u00e9s de la faune et les n\u00f4tres et laisser aux animaux l&rsquo;\u00e9tang et le p\u00e9rim\u00e8tre le plus diversifi\u00e9\u00a0 de la friche auquel nous ne touchons pas qui donne aussi une voie d&rsquo;acc\u00e8s en bordure de la voie ferr\u00e9e.<\/p>\n<p>Nous aimerions faire un premier relev\u00e9 qui sera a disposition du public et r\u00e9actualiser celui-ci chaque printemps pour voir si le lieu reste stable ou s&rsquo;il \u00e9volue et de quelle mani\u00e8re.<\/p>\n<p>&nbsp;<\/p>\n<p><strong>Dimanche 26 ao\u00fbt : Atelier de construction de four solaire<\/strong><\/p>\n<p>Ceux qui le d\u00e9sir pourrons fabriquer un four solaire simple et \u00e9l\u00e9mentaire a utiliser sur son balcon, sa terrasse, son toit ou son jardin\u2026 et nous sur la friche. Il y aura aussi une mise \u00e0 disposition de documents et de liens permettant sur diff\u00e9rents types de fours solaires et une petite initiation \u00e0 la cuisine au solaire.<\/p>\n<p><strong>Dimanche 2 septembre: Bricolages \u00e9lectroniques et construction d&rsquo;oiseaux solaires<\/strong> avec Michael Egger et des amis de <a href=\"http:\/\/www.mechatronicart.ch\/\">SGMK<\/a>. Atelier tout public ouvert aux enfants d\u00e8s 8 ans.<\/p>\n<p><strong>Dimanche 9 septembre: Cartographie de la ville &#8211; Premier volet<\/strong><\/p>\n<p>Cette journ\u00e9e permettra de d\u00e9couvrir un peu le travail de Gilles Cl\u00e9ment et sa notion de Tiers Paysage. Nous aurons aussi une petite approche de ce qu&rsquo;est la permaculture.Ensuite l&rsquo;id\u00e9e est de commencer \u00e0 r\u00e9pertorier et \u00e0 cartographier les lieux qui dans la ville sont des zones d&rsquo;accueil de biodiversit\u00e9 et, d&rsquo;autre part, de r\u00e9pertorier les lieux o\u00f9 il serait possible de cr\u00e9er des jardins. Soit des jardins potager soit des lieux o\u00f9 l&rsquo;on pourrait favoriser l&rsquo;\u0153uvre spontan\u00e9e de la nature.<\/p>\n<p><strong>Dimanche 16 septembre: Jardins urbains, agriculture urbaine<\/strong><\/p>\n<p>Une d\u00e9couverte des exp\u00e9riences qui sont en court \u00e0 D\u00e9troit, Montr\u00e9al, New-York ou ailleurs et un atelier pratique pour apprendre \u00e0 r\u00e9aliser de petits jardins en plein air sur des terrasses, balcons, toits, cours int\u00e9rieures ou autre<\/p>\n<p><strong>Dimanche 23 septembre: <a href=\"http:\/\/our.windowfarms.org\/\">Windowfarms<\/a><\/strong><\/p>\n<p>O\u00f9 comment bricoler une petite ferme \u00e0 sa fen\u00eatre.<a href=\"http:\/\/anyma.ch\/blogs\/paysages-urbains\/wp-content\/uploads\/2012\/07\/IMG_0645.jpg\"><img loading=\"lazy\" decoding=\"async\" title=\"IMG_0645\" src=\"http:\/\/anyma.ch\/blogs\/paysages-urbains\/wp-content\/uploads\/2012\/07\/IMG_0645-300x224.jpg\" alt=\"\" width=\"300\" height=\"224\" \/><\/a><\/p>\n<p><strong>Dimanche 30 septembre: Cuisine v\u00e9g\u00e9tale avec Eva<\/strong><\/p>\n<p><strong>Dimanche 7 octobre : Cartographie de la ville 2\u00e8me volet, \u00e9tat des lieux<\/strong><\/p>\n<p>Ce dimanche est consacr\u00e9 \u00e0 l&rsquo;\u00e9volution de la cartographie, voir ce qui a \u00e9t\u00e9 fait et imaginer des actions pour la suite<\/p>\n<p>Pour les workshop du dimanche et les semaines StreeTV<strong> Renseignements et inscription directement \u00e0 la friche ou \u00e0 l&rsquo;adresse infoatanyma.ch<\/strong> en pr\u00e9cisant de quel projet il s&rsquo;agit.<\/p>\n<p>&nbsp;<\/p>\n<p>STREETV SUR LA FRICHE DU 8 AU 21 SEPTEMBRE<\/p>\n<p>2 workshops d&rsquo;une semaine chacun pour cr\u00e9er, r\u00e9aliser et pr\u00e9senter votre propre \u00e9mission de t\u00e9l\u00e9 en direct et en public sur la friche<\/p>\n<p>STREETV: une t\u00e9l\u00e9vision foraine, \u00e9ph\u00e9m\u00e8re, une t\u00e9l\u00e9vision de quartier sur la friche\u2026.<\/p>\n<p><a href=\"http:\/\/anyma.ch\/blogs\/paysages-urbains\/wp-content\/uploads\/2012\/07\/DSC_02802.jpg\"><img loading=\"lazy\" decoding=\"async\" class=\"aligncenter  wp-image-275\" title=\"DSC_0280\" src=\"http:\/\/anyma.ch\/blogs\/paysages-urbains\/wp-content\/uploads\/2012\/07\/DSC_02802-300x199.jpg\" alt=\"\" width=\"460\" height=\"361\" \/><\/a><\/p>\n<p>STREETV est une t\u00e9l\u00e9vision \u00e9ph\u00e9m\u00e8re, une t\u00e9l\u00e9vision urbaine, faite par les habitants de la ville, pour ses habitants. La roulotte de STREETV et son studio a quitt\u00e9 pour cette fois la rue pour s&rsquo;installer \u00e0 la Friche des Arsenaux.<br \/>\nSTREETV est une invitation \u00e0 s\u2019emparer ou de se r\u00e9approprier\u00a0 le m\u00e9dia t\u00e9l\u00e9visuel. STREETV est un \u00e9cran blanc pos\u00e9 sur la friche, dans ce jardin aux Betteraves, cet \u00eelot de verdure et aussi un peu d&rsquo;utopies au c\u0153ur de la ville.<\/p>\n<p>STREETV, un \u00e9cran blanc pour capter, \u00e9couter, regarder la ville, mais aussi pour l&rsquo;imaginer ou pour la dessiner\u2026 nous avons dessin\u00e9 une friche et sur cette friche un \u00e9cran\u2026 \u00e0 vous, par vos reportages, de dessiner la suite\u2026 c&rsquo;est \u00e0 dire ce que vous aimeriez bien ajouter \u00e0 cette ville, comment vous la r\u00eavez\u2026 Ou encore mettre des choses qui existent, ou proposer le portrait d&rsquo;un habitant. Pendant cet \u00e9t\u00e9 \u00e0 la friche nous proposons quelques workshops autour de la biodiversit\u00e9 en ville, l&rsquo;auto suffisance alimentaire, les exp\u00e9riences de jardinage urbain, de cohabitation homme\/nature dans la ville, etc. Ces th\u00e8mes pourraient \u00e9galement \u00eatre d\u00e9velopp\u00e9s \u00e0 votre mani\u00e8re dans un reportage ou encore d&rsquo;autres choses touchant par exemple \u00e0 l&rsquo;art de vivre en ville, \u00e0 l&rsquo;architecture, \u00e0 la cohabitation et \u00e0 la vie de quartier.<\/p>\n<p>L&rsquo;\u00e9mission sera diffus\u00e9e en direct et en public sur la friche et c&rsquo;est une occasion de montrer au public votre regard sur la ville ou sur l&rsquo;un de ces aspects.<\/p>\n<p>Les dates:<\/p>\n<p>Premi\u00e8re semaine: <strong>du samedi 8 septembre \u00e0 l&rsquo;\u00e9mission qui aura lieu le vendredi 14 septembre<\/strong> \u00e0 la tomb\u00e9e de la nuit<\/p>\n<p>Deuxi\u00e8me semaine: <strong>du samedi 15 septembre \u00e0 l&rsquo;\u00e9mission qui aura lieu le vendredi 21 septembre<\/strong> \u00e0 la tomb\u00e9e de la nuit<\/p>\n<p>&nbsp;<\/p>\n<p><strong>Inscription directement \u00e0 la friche ou \u00e0 l&rsquo;adresse infoatanyma.ch<\/strong><\/p>\n<p>&nbsp;<\/p>\n<p>&nbsp;<\/p>\n<p>&nbsp;<\/p>\n<p>&nbsp;<\/p>\n","protected":false},"excerpt":{"rendered":"<p>du 15 ao\u00fbt au 13 octobre du mercredi au dimanche de 16h \u00e0 minuit. PROGRAMME DETAILLE La friche est ouverte durant 2 mois complet au public du 15 ao\u00fbt au 13 octobre 2012 du mercredi au dimanche de 16h \u00e0 23h30, 24h vendredi et samedi. La pinte \u00e0 fondue et une g\u00e9n\u00e9reuse terrasse proposent comme [&hellip;]<\/p>\n","protected":false},"author":2,"featured_media":0,"parent":0,"menu_order":0,"comment_status":"open","ping_status":"open","template":"","meta":{"footnotes":""},"_links":{"self":[{"href":"http:\/\/anyma.ch\/blogs\/paysages-urbains\/wp-json\/wp\/v2\/pages\/269"}],"collection":[{"href":"http:\/\/anyma.ch\/blogs\/paysages-urbains\/wp-json\/wp\/v2\/pages"}],"about":[{"href":"http:\/\/anyma.ch\/blogs\/paysages-urbains\/wp-json\/wp\/v2\/types\/page"}],"author":[{"embeddable":true,"href":"http:\/\/anyma.ch\/blogs\/paysages-urbains\/wp-json\/wp\/v2\/users\/2"}],"replies":[{"embeddable":true,"href":"http:\/\/anyma.ch\/blogs\/paysages-urbains\/wp-json\/wp\/v2\/comments?post=269"}],"version-history":[{"count":14,"href":"http:\/\/anyma.ch\/blogs\/paysages-urbains\/wp-json\/wp\/v2\/pages\/269\/revisions"}],"predecessor-version":[{"id":273,"href":"http:\/\/anyma.ch\/blogs\/paysages-urbains\/wp-json\/wp\/v2\/pages\/269\/revisions\/273"}],"wp:attachment":[{"href":"http:\/\/anyma.ch\/blogs\/paysages-urbains\/wp-json\/wp\/v2\/media?parent=269"}],"curies":[{"name":"wp","href":"https:\/\/api.w.org\/{rel}","templated":true}]}}

Programme &#8211; Un été à la friche

<p><a href="http://anyma.ch/blogs/paysages-urbains/wp-content/uploads/2012/07/IMG_1882.jpg"><img loading="lazy" decoding="async" title="IMG_1882" src="http://anyma.ch/blogs/paysages-urbains/wp-content/uploads/2012/07/IMG_1882-1024x764.jpg" alt="" width="500" height="373" /></a></p>
<p>du 15 août au 13 octobre du mercredi au dimanche de 16h à minuit.</p>
<p><a href="http://anyma.ch/friche/">PROGRAMME DETAILLE</a></p>
<p>La friche est ouverte durant 2 mois complet au public du 15 août au 13 octobre 2012 du mercredi au dimanche de 16h à 23h30, 24h vendredi et samedi.</p>
<p>La pinte à fondue et une généreuse terrasse proposent comme toujours les traditionnelles  fondues et cette offre est complétée par des tapas et des tartines.</p>
<p>Occasionnellement et sur réservation des menus thématiques seront proposés.</p>
<p>Au programme</p>
<p>les MERCREDIS : PHOTO</p>
<p>Les JEUDIS : CINEMA</p>
<p>Les VENDREDIS et SAMEDIS : CONCERT</p>
<p>Les DIMANCHES : WORKSHOP</p>
<p>Plus:</p>
<p>STREETV SUR LA FRICHE DU 8 AU 21 SEPTEMBRE</p>
<p><strong>1er Workshop télé du 8 au 14 septembre</strong></p>
<p><strong>Emission le vendredi 14 septembre </strong></p>
<p><strong>2ème Wortshop télé du 15 au 21 septembre<br />
</strong></p>
<p><strong>Emission le vendredi 21 septembre</strong></p>
<p><a href="http://anyma.ch/blogs/paysages-urbains/wp-content/uploads/2012/07/DSC09906.jpg"><img loading="lazy" decoding="async" title="DSC09906" src="http://anyma.ch/blogs/paysages-urbains/wp-content/uploads/2012/07/DSC09906-1024x768.jpg" alt="" width="500" height="375" /></a></p>
<p>LE WORKSHOP DU DIMANCHE</p>
<p>Les dimanches nous proposons des ateliers. Ce ne sont pas des cours mais plutôt des fenêtres ouvertes sur des questionnements qui nous tiennent à cœur, des moments de recherches et de partage d&rsquo;expériences.</p>
<p><strong>D</strong><strong>imanche 19 août</strong>: <strong>Inventaire de la faune et de la flore de la Friche</strong></p>
<p>La friche est si riche qu&rsquo;il nous paraît important de faire un relever des plantes et des animaux qui y vivent.</p>
<p>Un étang s&rsquo;y est formé spontanément et ce printemps les croassements nourrit d&rsquo;un grand nombre de grenouilles concurrençait le bruit des trains. Un couple de canards, des mésanges, des merles, des rouge-gorges et même des rousserolles y ont nichés. Nous aimerions instaurer une cohabitation heureuse entre les activités de la faune et les nôtres et laisser aux animaux l&rsquo;étang et le périmètre le plus diversifié  de la friche auquel nous ne touchons pas qui donne aussi une voie d&rsquo;accès en bordure de la voie ferrée.</p>
<p>Nous aimerions faire un premier relevé qui sera a disposition du public et réactualiser celui-ci chaque printemps pour voir si le lieu reste stable ou s&rsquo;il évolue et de quelle manière.</p>
<p>&nbsp;</p>
<p><strong>Dimanche 26 août : Atelier de construction de four solaire</strong></p>
<p>Ceux qui le désir pourrons fabriquer un four solaire simple et élémentaire a utiliser sur son balcon, sa terrasse, son toit ou son jardin… et nous sur la friche. Il y aura aussi une mise à disposition de documents et de liens permettant sur différents types de fours solaires et une petite initiation à la cuisine au solaire.</p>
<p><strong>Dimanche 2 septembre: Bricolages électroniques et construction d&rsquo;oiseaux solaires</strong> avec Michael Egger et des amis de <a href="http://www.mechatronicart.ch/">SGMK</a>. Atelier tout public ouvert aux enfants dès 8 ans.</p>
<p><strong>Dimanche 9 septembre: Cartographie de la ville &#8211; Premier volet</strong></p>
<p>Cette journée permettra de découvrir un peu le travail de Gilles Clément et sa notion de Tiers Paysage. Nous aurons aussi une petite approche de ce qu&rsquo;est la permaculture.Ensuite l&rsquo;idée est de commencer à répertorier et à cartographier les lieux qui dans la ville sont des zones d&rsquo;accueil de biodiversité et, d&rsquo;autre part, de répertorier les lieux où il serait possible de créer des jardins. Soit des jardins potager soit des lieux où l&rsquo;on pourrait favoriser l&rsquo;œuvre spontanée de la nature.</p>
<p><strong>Dimanche 16 septembre: Jardins urbains, agriculture urbaine</strong></p>
<p>Une découverte des expériences qui sont en court à Détroit, Montréal, New-York ou ailleurs et un atelier pratique pour apprendre à réaliser de petits jardins en plein air sur des terrasses, balcons, toits, cours intérieures ou autre</p>
<p><strong>Dimanche 23 septembre: <a href="http://our.windowfarms.org/">Windowfarms</a></strong></p>
<p>Où comment bricoler une petite ferme à sa fenêtre.<a href="http://anyma.ch/blogs/paysages-urbains/wp-content/uploads/2012/07/IMG_0645.jpg"><img loading="lazy" decoding="async" title="IMG_0645" src="http://anyma.ch/blogs/paysages-urbains/wp-content/uploads/2012/07/IMG_0645-300x224.jpg" alt="" width="300" height="224" /></a></p>
<p><strong>Dimanche 30 septembre: Cuisine végétale avec Eva</strong></p>
<p><strong>Dimanche 7 octobre : Cartographie de la ville 2ème volet, état des lieux</strong></p>
<p>Ce dimanche est consacré à l&rsquo;évolution de la cartographie, voir ce qui a été fait et imaginer des actions pour la suite</p>
<p>Pour les workshop du dimanche et les semaines StreeTV<strong> Renseignements et inscription directement à la friche ou à l&rsquo;adresse infoatanyma.ch</strong> en précisant de quel projet il s&rsquo;agit.</p>
<p>&nbsp;</p>
<p>STREETV SUR LA FRICHE DU 8 AU 21 SEPTEMBRE</p>
<p>2 workshops d&rsquo;une semaine chacun pour créer, réaliser et présenter votre propre émission de télé en direct et en public sur la friche</p>
<p>STREETV: une télévision foraine, éphémère, une télévision de quartier sur la friche….</p>
<p><a href="http://anyma.ch/blogs/paysages-urbains/wp-content/uploads/2012/07/DSC_02802.jpg"><img loading="lazy" decoding="async" class="aligncenter  wp-image-275" title="DSC_0280" src="http://anyma.ch/blogs/paysages-urbains/wp-content/uploads/2012/07/DSC_02802-300x199.jpg" alt="" width="460" height="361" /></a></p>
<p>STREETV est une télévision éphémère, une télévision urbaine, faite par les habitants de la ville, pour ses habitants. La roulotte de STREETV et son studio a quitté pour cette fois la rue pour s&rsquo;installer à la Friche des Arsenaux.<br />
STREETV est une invitation à s’emparer ou de se réapproprier  le média télévisuel. STREETV est un écran blanc posé sur la friche, dans ce jardin aux Betteraves, cet îlot de verdure et aussi un peu d&rsquo;utopies au cœur de la ville.</p>
<p>STREETV, un écran blanc pour capter, écouter, regarder la ville, mais aussi pour l&rsquo;imaginer ou pour la dessiner… nous avons dessiné une friche et sur cette friche un écran… à vous, par vos reportages, de dessiner la suite… c&rsquo;est à dire ce que vous aimeriez bien ajouter à cette ville, comment vous la rêvez… Ou encore mettre des choses qui existent, ou proposer le portrait d&rsquo;un habitant. Pendant cet été à la friche nous proposons quelques workshops autour de la biodiversité en ville, l&rsquo;auto suffisance alimentaire, les expériences de jardinage urbain, de cohabitation homme/nature dans la ville, etc. Ces thèmes pourraient également être développés à votre manière dans un reportage ou encore d&rsquo;autres choses touchant par exemple à l&rsquo;art de vivre en ville, à l&rsquo;architecture, à la cohabitation et à la vie de quartier.</p>
<p>L&rsquo;émission sera diffusée en direct et en public sur la friche et c&rsquo;est une occasion de montrer au public votre regard sur la ville ou sur l&rsquo;un de ces aspects.</p>
<p>Les dates:</p>
<p>Première semaine: <strong>du samedi 8 septembre à l&rsquo;émission qui aura lieu le vendredi 14 septembre</strong> à la tombée de la nuit</p>
<p>Deuxième semaine: <strong>du samedi 15 septembre à l&rsquo;émission qui aura lieu le vendredi 21 septembre</strong> à la tombée de la nuit</p>
<p>&nbsp;</p>
<p><strong>Inscription directement à la friche ou à l&rsquo;adresse infoatanyma.ch</strong></p>
<p>&nbsp;</p>
<p>&nbsp;</p>
<p>&nbsp;</p>
<p>&nbsp;</p>

<p>du 15 août au 13 octobre du mercredi au dimanche de 16h à minuit. PROGRAMME DETAILLE La friche est ouverte durant 2 mois complet au public du 15 août au 13 octobre 2012 du mercredi au dimanche de 16h à 23h30, 24h vendredi et samedi. La pinte à fondue et une généreuse terrasse proposent comme [&hellip;]</p>
